 the hundreds digit of 1298?
2
What is the units digit of 13882?
2
What is the hundreds digit of 4321?
3
What is the tens digit of 9333?
3
What is the tens digit of 47?
4
What is the hundreds digit of 5133?
1
What is the thousands digit of 3770?
3
What is the tens digit of 3261?
6
What is the units digit of 49430?
0
What is the ten thousands digit of 54232?
5
What is the tens digit of 5446?
4
What is the hundreds digit of 4909?
9
What is the tens digit of 5150?
5
What is the hundred thousands digit of 135466?
1
What is the units digit of 6398?
8
What is the hundreds digit of 2427?
4
What is the tens digit of 2765?
6
What is the units digit of 1141?
1
What is the units digit of 16984?
4
What is the hundreds digit of 736?
7
What is the tens digit of 894?
9
What is the hundreds digit of 112185?
1
What is the tens digit of 1247?
4
What is the hundreds digit of 818?
8
What is the hundreds digit of 39624?
6
What is the thousands digit of 1119?
1
What is the ten thousands digit of 13125?
1
What is the units digit of 3759?
9
What is the hundreds digit of 27080?
0
What is the thousands digit of 37003?
7
What is the tens digit of 752?
5
What is the tens digit of 1173?
7
What is the hundreds digit of 1615?
6
What is the ten thousands digit of 36694?
3
What is the tens digit of 66?
6
What is the thousands digit of 89085?
9
What is the tens digit of 1392?
9
What is the thousands digit of 6609?
6
What is the tens digit of 1519?
1
What is the tens digit of 56171?
7
What is the tens digit of 3052?
5
What is the ten thousands digit of 58533?
5
What is the hundreds digit of 6144?
1
What is the hundreds digit of 32522?
5
What is the ten thousands digit of 109244?
0
What is the ten thousands digit of 76080?
7
What is the thousands digit of 159194?
9
What is the units digit of 985?
5
What is the ten thousands digit of 15742?
1
What is the tens digit of 70109?
0
What is the units digit of 9197?
7
What is the hundreds digit of 738?
7
What is the units digit of 520?
0
What is the thousands digit of 8938?
8
What is the hundreds digit of 2857?
8
What is the units digit of 100?
0
What is the units digit of 177?
7
What is the thousands digit of 5266?
5
What is the thousands digit of 96367?
6
What is the tens digit of 1926?
2
What is the tens digit of 275?
7
What is the units digit of 2226?
6
What is the tens digit of 879?
7
What is the thousands digit of 4379?
4
What is the units digit of 161036?
6
What is the thousands digit of 14635?
4
What is the thousands digit of 5222?
5
What is the units digit of 11660?
0
What is the tens digit of 10762?
6
What is the tens digit of 9813?
1
What is the units digit of 14979?
9
What is the hundreds digit of 5868?
8
What is the units digit of 484?
4
What is the units digit of 847?
7
What is the units digit of 51096?
6
What is the units digit of 1648?
8
What is the hundreds digit of 950?
9
What is the units digit of 36121?
1
What is the hundreds digit of 70887?
8
What is the tens digit of 5524?
2
What is the hundreds digit of 568?
5
What is the units digit of 626?
6
What is the hundreds digit of 45775?
7
What is the units digit of 165346?
6
What is the hundreds digit of 875?
8
What is the ten thousands digit of 15558?
1
What is the hundreds digit of 597?
5
What is the thousands digit of 24142?
4
What is the tens digit of 2314?
1
What is the units digit of 657?
7
What is the thousands digit of 16539?
6
What is the thousands digit of 5067?
5
What is the thousands digit of 16980?
6
What is the thousands digit of 25630?
5
What is the hundreds digit of 1717?
7
What is the units digit of 621?
1
What is the hundreds digit of 699?
6
What is the hundreds digit of 265?
2
What is the hundreds digit of 22951?
9
What is the units digit of 1023?
3
What is the ten thousands digit of 25635?
2
What is the tens digit of 6239?
3
What is the thousands digit of 1222?
1
What is the hundreds digit of 234?
2
What is the units digit of 1867?
7
What is the hundreds digit of 11372?
3
What is the units digit of 57881?
1
What is the ten thousands digit of 59315?
5
What is the tens digit of 19049?
4
What is the tens digit of 8674?
7
What is the thousands digit of 106310?
6
What is the hundreds digit of 31270?
2
What is the units digit of 237?
7
What is the units digit of 489?
9
What is the units digit of 24264?
4
What is the thousands digit of 47473?
7
What is the tens digit of 45186?
8
What is the thousands digit of 102543?
2
What is the tens digit of 240?
4
What is the hundreds digit of 258?
2
What is the units digit of 570?
0
What is the hundreds digit of 665?
6
What is the hundreds digit of 2481?
4
What is the thousands digit of 18335?
8
What is the units digit of 9544?
4
What is the thousands digit of 2897?
2
What is the thousands digit of 12222?
2
What is the units digit of 916?
6
What is the hundreds digit of 422?
4
What is the units digit of 2441?
1
What is the hundreds digit of 9503?
5
What is the hundreds digit of 1120?
1
What is the units digit of 90642?
2
What is the thousands digit of 22364?
2
What is the tens digit of 103371?
7
What is the units digit of 28022?
2
What is the thousands digit of 2575?
2
What is the tens digit of 15?
1
What is the tens digit of 13145?
4
What is the units digit of 858?
8
What is the tens digit of 646?
4
What is the units digit of 21590?
0
What is the tens digit of 465?
6
What is the hundred thousands digit of 108437?
1
What is the tens digit of 8898?
9
What is the tens digit of 1892?
9
What is the thousands digit of 2858?
2
What is the tens digit of 4697?
9
What is the tens digit of 40165?
6
What is the hundreds digit of 9800?
8
What is the units digit of 2?
2
What is the tens digit of 72072?
7
What is the thousands digit of 16921?
6
What is the ten thousands digit of 28345?
2
What is the hundred thousands digit of 125239?
1
What is the hundreds digit of 49566?
5
What is the hundreds digit of 180?
1
What is the thousands digit of 23186?
3
What is the tens digit of 4960?
6
What is the tens digit of 12557?
5
What is the hundreds digit of 1353?
3
What is the thousands digit of 3969?
3
What is the tens digit of 334?
3
What is the hundreds digit of 14158?
1
What is the ten thousands digit of 69837?
6
What is the hundreds digit of 21377?
3
What is the hundreds digit of 1318?
3
What is the tens digit of 6973?
7
What is the tens digit of 1261?
6
What is the tens digit of 819?
1
What is the tens digit of 2033?
3
What is the ten thousands digit of 67882?
6
What is the units digit of 15270?
0
What is the units digit of 25262?
2
What is the thousands digit of 6856?
6
What is the hundreds digit of 21753?
7
What is the thousands digit of 17749?
7
What is the tens digit of 439?
3
What is the thousands digit of 44607?
4
What is the units digit of 1038?
8
What is the units digit of 40?
0
What is the hundreds digit of 191?
1
What is the ten thousands digit of 81884?
8
What is the thousands digit of 17155?
7
What is the tens digit of 36691?
9
What is the thousands digit of 1830?
1
What is the hundreds digit of 41504?
5
What is the tens digit of 3157?
5
What is the tens digit of 615?
1
What is the hundreds digit of 93578?
5
What is the thousands digit of 1796?
1
What is the units digit of 73313?
3
What is the thousands digit of 2380?
2
What is the units digit of 4024?
4
What is the units digit of 58?
8
What is the thousands digit of 7442?
7
What is the thousands digit of 198076?
8
What is the tens digit of 404?
0
What is the tens digit of 2959?
5
What is the hundreds digit of 34239?
2
What is the units digit of 21?
1
What is the ten thousands digit of 45352?
4
What is the tens digit of 977?
7
What is the hundreds digit of 20481?
4
What is the units digit of 15814?
4
What is the tens digit of 465?
6
What is the tens digit of 885?
8
What is the units digit of 6447?
7
What is the units digit of 10901?
1
What is the thousands digit of 129592?
9
What is the tens digit of 998?
9
What is the tens digit of 18830?
3
What is the thousands digit of 1150?
1
What is the units digit of 684?
4
What is the tens digit of 412?
1
What is the hundreds digit of 11355?
3
What is the hundreds digit of 1389?
3
What is the units digit of 462?
2
What is the thousands digit of 1214?
1
What is the tens digit of 61669?
6
What is the hundreds digit of 44069?
0
What i